 = -p**2 - 10*p + 3. Suppose 2*i = 3*v + 21, -4*v - 33 = i - 2*i. What is t(v)?
12
Let a(u) = -u**2 - 15*u + 20. Let i be a(-16). Suppose i*y = -y. Suppose -4*v - 5 = -s, y = v + s - 6*s + 25. Let b(o) = -o**2 - o - 15. Calculate b(v).
-15
Let h be 120/18*24/(-20). Let z be 2/16 - (-121)/h. Let r(b) = -b**3 - 14*b**2 + 16*b + 12. Give r(z).
-3
Let m(q) = q + 3. Let p(j) be the first derivative of -2*j**2 - 4*j + 7. Let r be p(-3). Let o be 6/18*(1 + r). What is m(o)?
6
Suppose 153*d - 4*d + 123*d = -816. Let q(p) = -4*p**2 + 0*p + 7*p**2 + 3*p - 4. Determine q(d).
14
Let u(k) be the third derivative of -9*k**2 + 0*k - 1/2*k**3 - 5/24*k**4 + 0. Give u(-4).
17
Let s(r) = 9 + 0*r**2 - 8*r + r**2 + 0*r**2. Let n be s(7). Let z(b) = b**2 + b. Calculate z(n).
6
Let x(s) = 2*s + 6. Let h be (3/(0 + 1))/((-237)/(-790)). Suppose h*d = 2 - 62. Determine x(d).
-6
Let r(k) = 5*k + 80. Let c be r(-16). Let v(u) be the second derivative of 7*u + 3*u**2 - 1/6*u**3 + c. Give v(4).
2
Suppose -3*q = 0, -q = 4*u + 6 + 6. Let h(k) = 2*k**2 + 2*k + 1. Let c(s) = -s**3 + 7*s**2 + 12*s + 2. Let f(j) = c(j) - 5*h(j). Give f(u).
-9
Let m(h) = 28*h**3 + 9*h**2 - 11*h + 11. Let p(u) = 14*u**3 + 5*u**2 - 6*u + 6. Let i(x) = -6*m(x) + 11*p(x). Let f be 0 - 2/(-2*1). What is i(f)?
-13
Let g be (-1)/(-1) - (-4 + 3). Let k(m) = -m**g - 8*m - 1 + 3*m - 3. Give k(-5).
-4
Let l be -3 + 0 - 3*5. Suppose 2*q - 5*u = 26, -u + 35 = -5*q + 123. Let v = q + l. Let g(j) = j - 7. Calculate g(v).
-7
Let i(b) = b**3 - 6*b**2 - 5*b + 3. Let d(f) = 6*f**3 + 3*f - 7*f**2 + 4 - 4*f**3 - 9*f - f**3. Let s(m) = -3*d(m) + 4*i(m). Determine s(4).
8
Let c(g) = -10*g**2 + g + 15. Let l(r) = 3*r**2 - 5. Let n(m) = -2*c(m) - 7*l(m). Let i(z) = -21 + 0 + 2*z - 1. Let s be i(9). Calculate n(s).
-3
Suppose 3*q - 4*p = 18 + 21, 0 = -5*q - 4*p + 33. Let g(l) = l**2 - 10*l + 16. Give g(q).
7
Let q(w) = -9*w - 5. Let k(f) = -6*f. Let n(x) = -25*x + 1. Let r(b) = -9*k(b) + 2*n(b). Let y(m) = 6*q(m) + 13*r(m). Let h = 787 - 783. Determine y(h).
-12
Suppose 5*q - 3*l + 19 = 7, 3*q + 5*l - 20 = 0. Let j(r) = 0*r**2 - 5 + 3*r**2 - 2*r**2 + 8*r + q*r. Give j(-8).
-5
Let y(d) = -d - 5. Suppose 0 = -8*v + 2 - 10. Let r(k) = 8*k + 4. Let b be r(v). Give y(b).
-1
Let q(h) = -3*h**3 - h + 0*h**3 - 3*h**3 + 4*h**3. Suppose -45 = -2*c - c. Let d = c - 14. Determine q(d).
-3
Let q(x) = -x**3 + x**2 - 3. Let d(a) = -2*a**3 + 2*a**2 - 10*a - 10. Let u(p) = d(p) - 3*q(p). Give u(5).
49
Let v(d) = -d**3 - 3*d**2 + 2*d - 6. Let s be (-7)/21*9 - 2. Calculate v(s).
34
Let y(h) = -25*h**2 + 4*h - 5. Let s(m) = 69*m**2 - 12*m + 15. Let d(x) = -4*s(x) - 11*y(x). Calculate d(5).
-10
Let w(r) = -2*r**3 - 7*r**2 + 6. Let c be w(-3). Let h(x) be the second derivative of -x**5/20 - 5*x**4/12 - 2*x**3/3 - 3*x**2/2 + 2*x. Give h(c).
-9
Let c(z) be the second derivative of -z**4/12 - z**3/2 + 13*z**2/2 - 522*z. Give c(-5).
3
Let v(o) = o - 1. Let h(m) = 3*m - 7. Let s(r) = 6*h(r) - 42*v(r). Determine s(1).
-24
Let i(f) = -f**3. Suppose 5*r - g - 10 = -0, g - 2 = r. Let k be (0 + r/6)*2. Let d be 1 + k*(2 + -2). Calculate i(d).
-1
Let l(p) = 5*p + 8 - p**2 - 8*p - 3*p. Let z(t) = 2*t**2 + 12*t - 17. Let f(x) = -9*l(x) - 4*z(x). What is f(-6)?
-4
Let m(o) = -o**2 + o + 11. Let v(i) be the third derivative of i**4/24 + 23*i**3/6 + 6*i**2. Let g be v(-23). Determine m(g).
11
Let k(t) be the second derivative of 3*t**5/20 + t**4/6 + t**2/2 - 48*t. What is k(-2)?
-15
Let q(k) = k**3 - k**2 + k - 2. Let v be q(4). Let h = -51 + v. Let s(r) = 2*r**2 - 1. Calculate s(h).
1
Let z(a) = -5*a + 18. Let r(q) = 17*q - 73. Let v(h) = 2*r(h) + 9*z(h). Calculate v(2).
-6
Let n(x) = -2*x**2 + 1. Let r = 36 - 34. Suppose i = -5*h + 25 - 11, -4*i = -r*h - 12. Determine n(h).
-7
Let v(r) = -r - 5. Let c be (-8)/3*(-66)/44. Let a be c/10 - (-546)/(-65). Determine v(a).
3
Let i(u) = u**2 - 2*u - 3. Suppose 4*x = -5*d + 1, 2*x - 9 = 3*d + 8. Give i(d).
12
Let s(l) = l**3 - 4*l**2 + 3*l - 2. Suppose 0 = -5*o + 4*t + 33, 6*o + 0*t = -t + 28. Calculate s(o).
38
Let w(c) = 3*c**2 - 3*c**2 - c**2 + 1 + 11 + 5*c - 10. Determine w(4).
6
Let m(p) = -p**2 + 2. Let f = 9 - 6. Suppose -3*a = 5*b, f*b + b = -a - 7. Suppose -2*y = 4*w - 2, 3*y + 6 = w - a. Determine m(w).
-2
Suppose -4*z - 2*g + 18 = 0, 0 = -18*z + 17*z + 3*g - 13. Let u(x) = -x**3 - 4*x**2 + 2*x + 2. Give u(z).
-18
Let u = 6 - -2. Suppose -q + u = q. Let m(l) = 2*l**2 + 4*l - 6. Let z(x) = -x**2 - x + 2. Let y(d) = m(d) + 3*z(d). What is y(q)?
-12
Let m(a) = a**3 + 6*a**2 - 4*a - 13. Let v be (-156)/91*49/14. Give m(v).
11
Let p(r) = r**2 + 4*r - 8. Let f be p(2). Let i(l) = 1 - l - 4*l + f*l. What is i(7)?
-6
Let z(b) = 1 - 26*b**2 + 26*b**2 + 2*b - 2*b**3. Suppose -i = -6 + 4. Let t be ((-2)/(-1) - 4)/i. Calculate z(t).
1
Let i(t) = 1067 + 1066 + 2*t + 1062 - 3189. Suppose 2 = -w + 2*w. Let g be 2*(-5)/4*w. Calculate i(g).
-4
Let q(x) = 8*x**3 - 7*x**2 + 6*x + 21. Let z(a) = -7*a**3 + 6*a**2 - 5*a - 18. Let d(m) = -6*q(m) - 7*z(m). Determine d(-1).
0
Let q be 1*3/((-6)/4). Let p(u) = u - u**2 - 3 + 3. Calculate p(q).
-6
Let h be 1/((-2)/3)*(-100)/450. Let n(c) be the first derivative of 4 + 5/2*c**2 - c + h*c**3. Calculate n(-5).
-1
Suppose 3 = -4*s - v, 0 = 4*s + 4*v - 5*v - 3. Suppose -5*n + n - 12 = s. Let b(l) = 3*l - 4. Determine b(n).
-13
Let y(u) = u - 16. Let r be y(16). Let p(t) = 3*t - 25 - 17 + 38 + r*t. Let f = 11 - 7. Give p(f).
8
Let x(l) = -l**2 + l - 16. Let f = -207 - -207. Give x(f).
-16
Let i(o) = -14 - o - 16 - 3 + 21. Calculate i(-3).
-9
Let c be ((-1)/(-3 + 4))/(1/(-5)). Let u(j) = 6*j + 58 - 57 + c*j. Calculate u(1).
12
Let g(t) be the second derivative of t**5/2 + t**4/6 + t**3/3 + t**2/2 - 313*t. Calculate g(-1).
-9
Let q(i) = -6*i**2 - 2*i - 2. Let d(t) = -2 + 7*t**2 + 0 + 4 + 3*t - t. Let r(x) = 5*d(x) + 6*q(x). Calculate r(-3).
-5
Let s(n) be the first derivative of -n**2/2 + 2*n + 1363. Suppose 0 = -c - 2*c - 9. Give s(c).
5
Let d(f) = 34*f**2 + 2. Let w(u) = 99*u**2 + 5. Let s(b) = 8*d(b) - 3*w(b). Calculate s(1).
-24
Let k be 3*((-1)/3 + 1). Suppose 4*y - 3*y + 2*j = -10, k*y - 5 = j. Let g(z) = z + 2. Give g(y).
2
Let h(f) = -1 + 3 + 0*f**3 - 5*f**2 + f - f**3. Let p(r) = -r - 1. Let w be p(1). Let k be (0 + 3 - w)/(-1). Calculate h(k).
-3
Let l(k) = k**3 - k**3 + 2*k + 57*k**2 - 55*k**2 - 3*k**3 - 2. Determine l(2).
-14
Let c(t) = t**2 + 5*t + 3. Let q be 3 - (-5)/((-20)/12). Suppose -5*x + 10 = -q*x. Suppose -4*l - x = -3*z, -2*z + 4*l - 10 = 3*z. What is c(z)?
9
Let y(r) = 0 + 9 + 0*r**3 - 8*r**2 - 5*r - 5*r + r**3. Determine y(9).
0
Let c(u) be the third derivative of -1/12*u**5 + 20*u**2 - 1/6*u**3 + 0*u + 0 - 1/24*u**4. Give c(-1).
-5
Let m(p) be the third derivative of -p**6/120 + p**5/15 + p**4/4 - 2*p**3/3 + 4*p**2. Suppose 4*t - 18 - 2 = 0. Give m(t).
1
Let b(t) = t**3 + t + 1. Let u(f) = 3*f**2 - 6*f - 5. Let h be u(3). Suppose -c = h*c. Give b(c).
1
Let b(o) = -3*o**3 - 10*o**2 - 7*o - 6. Let w(x) = x**3 + x**2 + x. Let t(d) = b(d) + 4*w(d). Calculate t(6).
-24
Let i(f) = f**3 - 4*f**2 + 2*f + 1. Let k = -86 + 46. Let u be (k/(-6))/((-4)/(-6)). Let m be (6/u)/(2/10). Calculate i(m).
-2
Let m(j) = 298 - 3*j + 17*j - 287 + 3*j + j**2. What is m(-16)?
-5
Let v(w) = -w**3 - 5*w**2 - 4*w - 1. Suppose 3*q + b + 2 = 0, 3*b = -3*q + 8*q + 22. Let u(g) = -g - 5. Let i be u(q). What is v(i)?
-7
Let q be (9/(90/25))/((-2)/4). Let b(d) = -d**3 - 5*d**2 - 2*d - 6. Calculate b(q).
4
Let a(c) = c**2 - 6*c - 1. Suppose 0 = 3*n - 7*n + 28. Calculate a(n).
6
Let s(w) = 7*w + 248 - 266 - 8*w. Give s(0).
-18
Let k(s) = s + 3. Let l be k(3). Let w(m) = -7*m**2 - 6*m - 7. Let o(f) = 25*f**2 - f - 1 + 24*f**2 - 50*f**2. Let p(b) = l*o(b) - w(b). What is p(-2)?
5
Let j(g) = -4*g**2 - 2. Let t = 41 - 33. Let m(a) = -11*a**2 - a - 5. Let v(p) = t*j(p) - 3*m(p). Calculate v(2).
9
Let a(r) = 4*r**3 + 13*r**2 - 4*r - 33. Let q(c) = 3*c**3 + 8*c**2 - 3*c - 22. Let f(j) = -5*a(j) + 7*q(j). What is f(9)?
2
Let d(t) be the third derivative of -t**6/120 - t**5/15 + 7*t**4/24 + t**3 + 2*t**2 + 67*t. Calculate d(-5).
-4
Let v be (-2)/8 + 1508/208. Let b(d) = d**2 - 6*d + 2. What is b(v)?
9
Let t(q) = 18*q**2 + 21*q - 10. Let b(a) = 12*a**2 + 15*a - 7. Let y(f) = -7*b(f) + 5*t(f). Calculate y(